Suppose 0 = 3*k - 5*k + 22. Let o(i) = -7*i**2 - k*i - 11 - 4*i**2 + 10*i**2. What is o(-10)?
-1
Let x = 415/2 + -207. Let h(d) be the first derivative of 3 + d - x*d**2. Give h(-2).
3
Suppose 171*w - 6 = 169*w. Let o(i) = -i**2 - i - 1. Let q(n) = 4*n**2 + 2*n + 7. Let j(s) = -5*o(s) - q(s). What is j(w)?
16
Let j(h) = -5*h**3 - 1. Let n be j(-1). Suppose n = -3*m + m. Let q(d) = 17 - 2*d + 16 - 34. Calculate q(m).
3
Let x be 3*(-2 + 1 + 2). Let p(a) be the second derivative of -a**4/12 + a**3/6 + a. Let n be p(x). Let i(o) = o**2 + 7*o - 5. Give i(n).
-11
Let m(x) = -3*x**3 + x**2 - x. Let z = -18 + 19. Let b = -12 + 12. Let a = z + b. Give m(a).
-3
Suppose 4*y - 2*t - 3 - 7 = 0, 6 = 2*t. Let l(z) = z**2 + 3*z + 8. Determine l(y).
36
Let d(r) = -5*r. Let b(i) = 3*i - 25. Let o be b(10). Suppose -2*l = -a - 3 + 5, -20 = o*l + 5*a. Give d(l).
10
Let n(p) = 4*p - 9. Suppose -134*y = -60*y + 666. Calculate n(y).
-45
Let b(d) be the second derivative of -d**4/12 + 17*d**3/6 - 13*d**2/2 + 8*d. Let n be b(16). Let m(q) = -42 + q**2 + 16 + 17 + 8 - 3*q. Determine m(n).
-1
Let y = -2676 + 2676. Let n(m) be the second derivative of 3/2*m**2 + 2/3*m**3 + y + 6*m. What is n(-2)?
-5
Let b(h) = h**3 + 5*h**2 - 7. Let t(m) = 7*m + 17. Let i be t(-5). Let w = -23 - i. What is b(w)?
-7
Let x(p) = p**2 - 5*p + 4. Let m be x(4). Let g(a) = a**2 + 29. Determine g(m).
29
Let j(m) be the second derivative of -7/12*m**4 + 14*m + 0 + 1/20*m**5 - 4*m**2 + 1/6*m**3. Calculate j(7).
-1
Let r(s) = -23 - 3 + 1 + 3*s - 14. Calculate r(13).
0
Let d be (-70)/20 - (-3)/(-6). Let k(b) = b - 1. Calculate k(d).
-5
Let h(m) = 211 + 15*m - 97 - 113. Give h(-2).
-29
Let p = 0 - -2. Let z(l) = -l + 2*l + p*l. Suppose 4*i - 2*i = -4, 5*j - 4*i = 18. Calculate z(j).
6
Let j(t) = -7*t + 38 + 28*t - 24*t. Determine j(11).
5
Let y(z) be the third derivative of z**4/12 + 11*z**3/2 + 2*z**2 - 355. Calculate y(-15).
3
Let h(w) = -7*w**2 - 16*w + 31. Let l(q) = -2*q**2 - 2*q - 4. Let j(b) = -h(b) + 3*l(b). Give j(-13).
-4
Suppose -2*y + 20 = -3*o, -o - 2*y - 8 = -3*y. Let l be (-1)/(-1)*(-6)/(o - 2). Let k(b) = 7*b**3. What is k(l)?
7
Let j(z) = -4*z - 74. Let q(c) = -7*c**2 + 14*c - 19. Let v be q(2). Calculate j(v).
2
Let k(j) = -56*j**2 + 445*j + 20. Let m be k(8). Let x(o) = -3 + 3*o + 0*o - 4*o. Calculate x(m).
1
Let u(i) = i**2 + 9. Let z = -1 - -45. Let x = -44 + z. Calculate u(x).
9
Let h(f) be the third derivative of -1/12*f**4 - 18*f**2 + 0*f + 0 - 1/6*f**3. Determine h(-6).
11
Let u(y) = -5 + 6*y**2 - 5*y**2 + 1 + 11*y. Determine u(-11).
-4
Let p = -56 - -91. Suppose -5*t = -5*o + p, -5*t + 7 = -3*o + 38. Let h(l) = -l**2 - 2*l + 5. Determine h(t).
-10
Let d(y) = -y**3 - 9*y**2 + 11*y + 13. Suppose 14*b - 5*b + 90 = 0. What is d(b)?
3
Suppose v - 3*k - 15 = -0*k, -5*k = 20. Let x(j) = v*j - 14 + 5 - 4. Let y(g) = -13*g + 53. Let n(w) = 9*x(w) + 2*y(w). What is n(8)?
-3
Let x = 3 + 3. Suppose 2*n = x*n - 12. Let r(q) = 0*q**2 + 3 + 7*q + n + 7*q**2 - q**2 + q**3. Determine r(-4).
10
Let n(v) = -18*v - 77336 + 77336. What is n(1)?
-18
Let g(o) = -o**3 - 20 - 21 - 28 + 6*o - 6*o**2 + 76. Calculate g(-7).
14
Let x(a) = a**3 - 6*a**2 - 6*a - 1. Let z = -93 - -134. Suppose 0 = 6*n - z - 1. Give x(n).
6
Let q(u) be the second derivative of -u**3/6 + 3*u**2/2 - 253*u. Give q(-2).
5
Let p(j) = j**3 - 3*j**2 - 9*j + 3. Let b be p(6). Let u(m) = 1 + 0 - b*m**3 + 58*m**3. Determine u(-1).
0
Let b(c) = c**3 + 11*c**2 - 11*c + 14. Let j be (-9 - 7) + 7 + -1*3. What is b(j)?
2
Let n be 27 - 31 - (-1)/1. Let a(f) = -8*f + 14. Let d(r) = -3*r + 5. Let x(z) = 4*a(z) - 11*d(z). Give x(n).
-2
Let r(t) = -t**2 - t + 3. Let w = -42 + 26. Let b(l) = 3*l + 44. Let s be b(w). Determine r(s).
-9
Let n(z) = -2*z**2 - 6*z + 8. Let o be 8*(-7)/14*3/2. Determine n(o).
-28
Let w(x) = -1 - 1 + 2*x + 0*x. Let f(u) = -7*u**2 - 106*u - 18. Let s be f(-15). Determine w(s).
-8
Let a(k) = -k**2 - 16*k - 11. Let x be a(-15). Let d(y) = -2*y - 2*y**2 + 3 + 3 + y**2 - x*y. Let b be (-106)/22 - 6/33. What is d(b)?
11
Let q = -59 + 65. Let t(d) = 5*d + 1 - 1 - 4*d + q. Let l be 2/6 + (-14)/(-3). Give t(l).
11
Let v(c) = c - 5. Let k be v(6). Let z(o) be the first derivative of 4*o**2 + o + 115. Calculate z(k).
9
Let n be (-1 - -13 - 3) + 3. Let b be (1 - 0)/(6/n). Let c(w) = -w - 3 + 3*w + b*w. Give c(2).
5
Let o(i) = i**3 + 4*i**2 + i. Let y be o(-3). Suppose -s + 21 = 14. Let h(j) = 75*j + 3*j**3 - s + 6*j**2 - 73*j - 4*j**3. Determine h(y).
5
Let x(r) = 4*r**2 - 7*r + 2. Let v(n) = n**2 + 2. Let m(p) = -2*v(p) + x(p). Give m(4).
2
Let x(v) = 3*v**2 + 1. Let b be -4 + (-5)/(20/(-28)). Suppose 0 = -2*o - b*o - 5. Give x(o).
4
Let t(m) = -13*m**2 - 2*m - 1. Suppose 17 = 3*s - 13. Let b = -11 + s. Determine t(b).
-12
Suppose s = 5*g - 119, 4*g + 3*s - 27 - 72 = 0. Suppose 0 = -7*k - 3 + g. Let l(a) = a**3 - 4*a**2 - 2*a + 3. What is l(k)?
-12
Let z(f) be the first derivative of f**3/3 + f**2/2 - f - 1. Let n be (-1 - -1)/(1/((-1)/(-3))). What is z(n)?
-1
Let f(z) = -2431*z**2 + 1216*z**2 + 1214*z**2 + 10*z - 16. What is f(6)?
8
Let r(a) = -3*a - 9. Let u be r(-4). Suppose 5*y - b = -u*b + 8, 3*y - 20 = -5*b. Let c(d) = d**2 + d. Determine c(y).
0
Let k(n) be the first derivative of n**3/3 - 7*n**2 + 12*n + 149. Give k(9).
-33
Let a(f) = -5 - 97*f**2 + 8 + 2*f + 96*f**2. Determine a(-2).
-5
Let f(h) = -17*h + 5. Let n(v) = 22*v - 6. Let u(j) = -4*f(j) - 3*n(j). Give u(2).
2
Let v be 5/1*17/((-595)/(-42)). Suppose 0*f + v = -f. Let j(i) be the third derivative of i**5/60 + 5*i**4/12 + 3*i**3/2 - i**2. Determine j(f).
-15
Let p(v) = -4*v - v**2 + 10069*v**3 + 9*v**2 - 10070*v**3 + 1 + 0*v. Give p(8).
-31
Let p be (-2)/(4/(1 - 3)). Let g = p + 1. Suppose -5*x = -3 - g. Let o(f) = -2*f - 1. What is o(x)?
-3
Let q(u) = 2*u - 14. Let b be q(10). Let o(m) = -m**3 + 8*m**2 - 6. Let z(f) = -f**2 + f. Let d(n) = o(n) + 2*z(n). Determine d(b).
6
Let v(d) = -d**2 - 838*d - 6632. Let o be v(-8). Let p(h) = -2*h + 3. Let c(w) = w - 2. Let s(n) = 5*c(n) + 3*p(n). Calculate s(o).
-9
Let z(l) = 4*l + 2. Suppose -2*w - n + 4*n = -8, -4*n - 26 = 5*w. Determine z(w).
-6
Let t be 5/5 - -3*1. Suppose -t*z + 6 = -6. Let m be z/(-2)*4*-1. Let b(k) = -2*k + 7. Calculate b(m).
-5
Suppose -2*t = -w + 2, -4 = -0*w - 2*w + 3*t. Let s(u) = -w*u**2 - 3 - 7*u + 3*u**2 - 2 - 2*u**2. Let q be 13/(-4) + (-21)/28. Calculate s(q).
7
Let t(z) = -4*z + 1. Let y = -120 - -121. Give t(y).
-3
Let p = -7 + 10. Suppose -2*r + 6*r - 13 = -5*u, 0 = -3*u + 3. Let b(f) = 13*f**2 - 2 + 5*f - 9*f**r - 5*f**2. Give b(p).
4
Let h = 43 + -43. Let o(w) be the third derivative of -w**5/60 + w**4/24 - 5*w**3/6 + 3*w**2. What is o(h)?
-5
Let z(q) = 41*q + 1. Suppose -21*y + 19*y + 2 = 0. Give z(y).
42
Suppose 0 = m - k - 6, 2*k + 4 + 1 = -5*m. Let c(z) = 6*z - 1. Let j be c(m). Let a(i) = -j*i**2 - i - 120 + 124 - i**3 - 2*i. Determine a(-4).
0
Suppose 0*n + 4*n = 3*o + 103, 5*o = 4*n - 113. Let j be (-4)/n + (-36)/44. Let g(q) = 3*q**2 + q. What is g(j)?
2
Let z(c) = c**3 + 58*c**2 + 2*c + 119. Let j be z(-58). Let p(w) be the third derivative of 0 + 0*w - 1/24*w**4 - 1/6*w**j + 5*w**2 + 1/20*w**5. Give p(2).
9
Let b(m) = 4*m**3 - 23*m**2 + 39*m - 8. Let v(z) = z**3 - 8*z**2 + 13*z - 3. Let f(h) = -2*b(h) + 7*v(h). Calculate f(-11).
-27
Let o(x) = -x + 1. Let a be (-15)/9*(-3 - -6). Let b be a - 2/(1 + -3). Let s be 34/8 - (-1)/b. Determine o(s).
-3
Let m(h) = -3*h. Let i be m(1). Let g(a) = -5*a**3 + a**2 - 4. Let y(t) = 22*t**3 - 6*t**2 + 17. Let f(x) = 9*g(x) + 2*y(x). Calculate f(i).
-2
Let u(z) = -9*z**2 - 6*z - 12. Let i(h) = -11*h**2 - 6*h - 12. Let a(p) = 5*i(p) - 6*u(p). Give a(-2).
-4
Let u(y) = -y**2 - 9*y - 16. Let k(z) = -11*z - 447. Let x be k(-40). Calculate u(x).
-2
Suppose -2*b = -3*j - 23, -3*j + b - 19 = -0*b. Let f(k) = k**2 + k + 9. Let z(g) = -g - 4. Let d(u) = j*z(u) - 2*f(u). What is d(-2)?
-12
Let k(u) = -4*u + 7. Let c(v) be the first derivative of -7*v**2/2 - 2*v - 2. Let l(f) = -f**2 + 23*f - 1. Let q be l(23). Let h be c(q). Calculate k(h).
-13
Let s(g) = g**2 + 5*g + 2. Let k(n) be the third derivative of -n**4/24 - n**3/6 - n**2. Let m be k(3). Let a = -8 - m. Determine s(a).
-2
Let i be -1 + 1*4 + (-10 - -10). Let d(y) = -y**2 - 4*y - 2. Let